1150168 (base 9) in base 2?
10100100111111011000111
What is -32877 (base 16) in base 15?
-414cc
999725 (base 10) to base 6
33232205
-4314145 (base 7) to base 12
-2138b4
-861245 (base 11) to base 2
-101010000011001010100
What is -1c13c9 (base 13) in base 10?
-716894
What is -232132104 (base 5) in base 3?
-1222110021200
-1132213220 (base 5) to base 4
-21332311231
1f6ee (base 16) to base 14
34cc6
What is -110011011112 (base 3) in base 12?
-b6542
Convert -24644516 (base 7) to base 6.
-115442542
Convert -4242101 (base 9) to base 3.
-11021102010001
What is 22034032 (base 7) in base 15?
275457
What is 274b (base 16) in base 2?
10011101001011
Convert -259815 (base 10) to base 12.
-106433
1312130 (base 4) to base 7
31046
-301a11 (base 14) to base 13
-448713
8cc0b (base 15) to base 13
12901a
What is -167579 (base 11) in base 10?
-258905
-1002002000202 (base 3) to base 6
-20133245
-3823079 (base 10) to base 6
-213535235
Convert -1111001010010110101 (base 2) to base 9.
-836453
882720 (base 9) to base 15
a61d3
Convert -1011111001101101111111 (base 2) to base 8.
-13715577
Convert 20320222000 (base 4) to base 10.
2329216
Convert 897972 (base 14) to base 5.
2143410113
24414403 (base 5) to base 6
4552142
-297307 (base 16) to base 15
-389ced
10162 (base 13) to base 7
146665
What is 133010231 (base 4) in base 16?
1f12d
What is 324424412 (base 5) in base 4?
11113000312
What is 314543234 (base 6) in base 13?
11c4367
Convert -14331312 (base 6) to base 9.
-832708
What is 14350355 (base 7) in base 6?
45025132
What is 110111111000110100110 (base 2) in base 7?
21365111
What is 196856 (base 10) in base 9?
330028
Convert -33010 (base 6) to base 9.
-6206
Convert 540155 (base 6) to base 5.
2403020
12451511 (base 6) to base 11
260a70
2312222131 (base 5) to base 16
4f461b
2481711 (base 9) to base 3
2112201210101
Convert 4607dc (base 15) to base 12.
1152760
Convert -106006 (base 9) to base 12.
-30859
232cc7 (base 13) to base 11
520269
What is 73596 (base 16) in base 7?
4005315
What is -70127 (base 8) in base 11?
-1a675
What is -89aa4 (base 15) in base 3?
-211020112001
Convert 390666 (base 13) to base 8.
5167572
What is -11010101001111110101 (base 2) in base 10?
-873461
3077454 (base 10) to base 9
5710423
120223213 (base 4) to base 11
69a55
74a44 (base 13) to base 10
210461
279740 (base 10) to base 16
444bc
816a4 (base 11) to base 3
20001122111
What is 10110100000110010100 (base 2) in base 7?
6161453
Convert -1b471a5 (base 12) to base 15.
-79deb5
1210336 (base 7) to base 10
153838
What is -5343015 (base 10) in base 4?
-110120130213
-111033 (base 11) to base 9
-288782
Convert -68b48 (base 13) to base 5.
-22101421
What is 374989 (base 10) in base 3?
201001101111
Convert 52224531 (base 6) to base 10.
1512199
What is -145100 (base 11) in base 12?
-ab01b
What is 32423513 (base 6) in base 3?
1211011101000
What is -113302212 (base 4) in base 13?
-3547b
Convert -11010101010000100000001 (base 2) to base 6.
-405440001
Convert -115124a (base 12) to base 7.
-40252162
-208791 (base 14) to base 13
-2c6371
Convert 541030 (base 10) to base 5.
114303110
What is -83851a (base 15) in base 2?
-10111110111000110110001
Convert 3414105 (base 6) to base 9.
283615
What is -304202 (base 7) in base 14?
-14ca9
What is -3032652 (base 7) in base 10?
-361167
What is -241969 (base 10) in base 9?
-407824
What is 11405235 (base 6) in base 14?
94ad9
Convert -10101101001100011010 (base 2) to base 15.
-e02d7
-2619305 (base 12) to base 14
-dd3bc9
56107 (base 8) to base 9
35357
Convert 22111101221110 (base 3) to base 15.
5e2d59
Convert 2636303 (base 7) to base 12.
147b7b
-13322315 (base 6) to base 11
-285406
What is -819869 (base 10) in base 5?
-202213434
What is 2163302 (base 10) in base 2?
1000010000001001100110
What is -100000101001010110011 (base 2) in base 3?
-2000100102021
What is -2123223120 (base 4) in base 13?
-194316
What is cc34 (base 15) in base 11?
2a548
Convert -637117 (base 15) to base 10.
-4731997
Convert -1224324444 (base 5) to base 6.
-143311542
Convert 11011001111000010 (base 2) to base 9.
180018
Convert -503039 (base 13) to base 7.
-21556535
9a22 (base 16) to base 9
60112
Convert -10100010100011101101 (base 2) to base 9.
-1224318
-20100112133 (base 4) to base 13
-5aa064
What is 60563623 (base 7) in base 15?
698994
What is 11001101100100010 (base 2) in base 6?
2131134
111110000100011000101 (base 2) to base 12
821005
Convert -100112000001 (base 3) to base 14.
-4c3c6
946543 (base 11) to base 4
11302101311
Convert 27a300 (base 14) to base 15.
1c1a5d
Convert 27cebe (base 15) to base 3.
10121101120022
-101001101101011110010 (base 2) to base 11
-853969
What is -131311630 (base 7) in base 4?
-200010120133
2a186 (base 13) to base 5
10014441
Convert -644551 (base 7) to base 6.
-2222551
What is -730770 (base 8) in base 12?
-b8188
Convert 3360a92 (base 11) to base 8.
26352021
Convert -1703313 (base 9) to base 12.
-3981b6
What is 1b9c4ec (base 15) in base 2?
1001101001101101001100101
Convert -102101012122 (base 3) to base 4.
-312223103
What is 82153 (base 10) in base 14?
21d21
Convert -1400540315 (base 6) to base 12.
-578169b
101211000120202 (base 3) to base 2
10101111011010010010101
Convert 113121220 (base 5) to base 2.
1111110111111111001
1011134321 (base 5) to base 4
13311011231
Convert 1010101000101001010 (base 2) to base 3.
122201001001
Convert -9427831 (base 10) to base 15.
-c63671
Convert 13717d (base 14) to base 6.
22225455
Convert -34b68 (base 16) to base 13.
-77378
What is 89931 (base 11) in base 14?
35662
What is 205335 (base 8) in base 16?
10add
What is 204311240 (base 5) in base 7?
10154431
Convert 387175 (base 12) to base 14.
1a0dcd
-221340322 (base 5) to base 16
-eb9df
Convert 4311712 (base 8) to base 15.
17b4b6
Convert -2666145 (base 7) to base 13.
-c46b9
What is -695507 (base 10) in base 14?
-141671
Convert -67432 (base 13) to base 15.
-3a827
Convert -4385480 (base 9) to base 14.
-455bd6
What is -3702a (base 15) in base 10?
-175540
310552 (base 9) to base 7
1364624
100011000101110000011 (base 2) to base 16
118b83
113023202032 (base 4) to base 16
5cb88e
Convert -2090ed (base 16) to base 10.
-2134253
Convert 4ef1 (base 16) to base 6.
233321
-7b30a2 (base 12) to base 7
-22534451
79a2 (base 13) to base 6
210504
What is -4213775 (base 11) in base 15?
-9bacde
What is -93550 (base 10) in base 14?
-26142
What is -1142484 (base 9) in base 16?
-97060
Convert 3f139 (base 16) to base 10.
258361
12d886 (base 14) to base 16
9f2ee
Convert 2374574 (base 8) to base 3.
1020012200211
What is 35858 (base 16) in base 6?
4410532
255806 (base 9) to base 8
457102
Convert 2826878 (base 12) to base 7.
125063261
Convert 101322300 (base 4) to base 2.
10001111010110000
What is -1012001101012 (base 3) in base 6?
-21304352
Convert -69689 (base 10) to base 4.
-101000321
What is -22948 (base 10) in base 3?
-1011110221
Convert 4155936 (base 11) to base 9.
14708456
What is -12340421 (base 6) in base 4?
-1202013331
Convert 433321 (base 5) to base 4.
3213310
-1022021210111 (base 3) to base 6
-22515404
Convert 101010010001100101 (base 2) to base 13.
60a7a
What is -74bb73 (base 12) in base 3?
-10110202110220
What is -aaa610 (base 12) in base 4?
-22112203230
Convert 563363 (base 8) to base 15.
3b54a
What is -7caf (base 16) in base 15?
-96ce
95911 (base 10) to base 15
1d641
Convert -414762 (base 8) to base 3.
-20222220112
Convert 11022001 (base 3) to base 12.
1991
10269 (base 16) to base 8
201151
Convert 1259551 (base 10) to base 3.
2100222210001
23a8 (base 13) to base 14
1b9d
Convert -49ee21 (base 15) to base 6.
-203541204
What is 2112323231 (base 4) in base 2?
10010110111011101101
116250 (base 10) to base 14
30518
-514055430 (base 6) to base 5
-4232403422
2b2de (base 16) to base 5
21124422
What is -11021421013 (base 5) in base 10?
-11904508
What is 33614 (base 9) in base 16?
5761
What is -788d9 (base 15) in base 4?
-1131212103
Convert 420338 (base 11) to base 8.
2444142
135160111 (base 7) to base 12
2b70481
What is -2201110203 (base 4) in base 13?
-1a19b7
What is -22432031 (base 5) in base 13?
-71014
506ea (base 16) to base 4
1100123222
-304b4 (base 12) to base 13
-22840
Convert 116c961 (base 13) to base 7.
63606645
201101200 (base 3) to base 7
56136
145b007 (base 12) to base 5
2022312012
2000110 (base 4) to base 15
2677
Con